{"id":4801,"date":"2023-12-30T18:28:13","date_gmt":"2023-12-30T21:28:13","guid":{"rendered":"https:\/\/www.grupocomunicacional.cl\/hessmay_web\/product\/sorteador-portico-sdp-104-copy\/"},"modified":"2025-11-21T14:53:52","modified_gmt":"2025-11-21T17:53:52","slug":"reloj-control-guardias-os-1","status":"publish","type":"product","link":"https:\/\/www.hessmay.cl\/index.php\/producto\/reloj-control-guardias-os-1\/","title":{"rendered":"RELOJ CONTROL GUARDIAS OS-1"},"content":{"rendered":"","protected":false},"excerpt":{"rendered":"<p>Reloj Control de\u00a0<strong>Guardias,\u00a0OS-1<\/strong>, Electr\u00f3nico, Liviano,<br \/>\nPeque\u00f1o, resistente al mal trato, <strong>Software para windows<\/strong><br \/>\nComunicaci\u00f3n v\u00eda USB<br \/>\nBater\u00eda Litio 3.7 volts\u00a0<strong>recargable<\/strong> \/ Tiempo de carga 3 hrs<br \/>\n<strong>Autonom\u00eda de trabajo 5 d\u00edas<\/strong><br \/>\nMemoria 60.000 registros<br \/>\n<strong>Indicador de marcaci\u00f3n correcta por vibraci\u00f3n y Led<\/strong><br \/>\n<strong>Vida \u00fatil de cada estaci\u00f3n 1.000.000 de lecturas<\/strong><br \/>\nConexi\u00f3n ilimitada de estaciones touch memory<br \/>\nComponentes de procedencia japonesa<br \/>\nDimensiones 14 \/ 4,5 \/ 3\u00a0 cms, Peso 196 gramos, Carcasa Met\u00e1lica<br \/>\nRecomendado para empresas que requieren equipos<strong>\u00a0resistentes al<\/strong><br \/>\n<strong>mal trato e informar la gesti\u00f3n de seguridad a sus clientes<br \/>\n<\/strong>Ideal para\u00a0<strong>controlar guardias<\/strong>, veh\u00edculos, procesos productivos,<br \/>\nmantenci\u00f3n de equipos, etc.<\/p>\n<p><strong>Software de Gesti\u00f3n<\/strong>\u00a0 Reporta hora y minuto en que el Guardia pasa por cada Estaci\u00f3n de Control,<br \/>\nidentifica su ronda, nombre, estaci\u00f3n, fecha y hora de cada registro.<\/p>\n<p><strong>Kit Incluye :<\/strong><\/p>\n<p>6 Puntos de Control \/ 1 Identificador de Guardia \/ Software de gesti\u00f3n en espa\u00f1ol \/ Cable USB \/ Instrucciones de uso Online<br \/>\n<strong>2 A\u00f1os de Garant\u00eda<\/strong>\u00a0\/ Servicio T\u00e9cnico exclusivo \/ Entrega Inmediata<\/p>\n<p>&nbsp;<\/p>\n","protected":false},"featured_media":4802,"comment_status":"open","ping_status":"closed","template":"","meta":{"_joinchat":{"telephone":"+56962351451","message_text":"Necesitas consultar por {PRODUCT}"}},"product_brand":[],"product_cat":[45],"product_tag":[],"class_list":{"0":"post-4801","1":"product","2":"type-product","3":"status-publish","4":"has-post-thumbnail","6":"product_cat-reloj-control-de-guardias","8":"first","9":"instock","10":"shipping-taxable","11":"product-type-simple"},"yoast_head":"<!-- This site is optimized with the Yoast SEO plugin v26.4 - https:\/\/yoast.com\/wordpress\/plugins\/seo\/ -->\n<title>RELOJ CONTROL GUARDIAS OS-1<\/title>\n<meta name=\"robots\" content=\"index, follow, max-snippet:-1, max-image-preview:large, max-video-preview:-1\" \/>\n<link rel=\"canonical\" href=\"https:\/\/www.hessmay.cl\/index.php\/producto\/reloj-control-guardias-os-1\/\" \/>\n<meta property=\"og:locale\" content=\"es_ES\" \/>\n<meta property=\"og:type\" content=\"article\" \/>\n<meta property=\"og:title\" content=\"RELOJ CONTROL GUARDIAS OS-1\" \/>\n<meta property=\"og:description\" content=\"Reloj Control de\u00a0Guardias,\u00a0OS-1, Electr\u00f3nico, Liviano, Peque\u00f1o, resistente al mal trato, Software para windows Comunicaci\u00f3n v\u00eda USB Bater\u00eda Litio 3.7 volts\u00a0recargable \/ Tiempo de carga 3 hrs Autonom\u00eda de trabajo 5 d\u00edas Memoria 60.000 registros Indicador de marcaci\u00f3n correcta por vibraci\u00f3n y Led Vida \u00fatil de cada estaci\u00f3n 1.000.000 de lecturas Conexi\u00f3n ilimitada de estaciones touch memory Componentes de procedencia japonesa Dimensiones 14 \/ 4,5 \/ 3\u00a0 cms, Peso 196 gramos, Carcasa Met\u00e1lica Recomendado para empresas que requieren equipos\u00a0resistentes al mal trato e informar la gesti\u00f3n de seguridad a sus clientes Ideal para\u00a0controlar guardias, veh\u00edculos, procesos productivos, mantenci\u00f3n de equipos, etc.  Software de Gesti\u00f3n\u00a0 Reporta hora y minuto en que el Guardia pasa por cada Estaci\u00f3n de Control, identifica su ronda, nombre, estaci\u00f3n, fecha y hora de cada registro.  Kit Incluye :  6 Puntos de Control \/ 1 Identificador de Guardia \/ Software de gesti\u00f3n en espa\u00f1ol \/ Cable USB \/ Instrucciones de uso Online 2 A\u00f1os de Garant\u00eda\u00a0\/ Servicio T\u00e9cnico exclusivo \/ Entrega Inmediata  &nbsp;\" \/>\n<meta property=\"og:url\" content=\"https:\/\/www.hessmay.cl\/index.php\/producto\/reloj-control-guardias-os-1\/\" \/>\n<meta property=\"og:site_name\" content=\"Hessmay, Reloj Control de asistencia, Reloj control de Guardias, Control por Geolocalizaci\u00f3n, Control de Guardias,\" \/>\n<meta property=\"article:publisher\" content=\"https:\/\/www.instagram.com\/hessmay_\/\" \/>\n<meta property=\"article:modified_time\" content=\"2025-11-21T17:53:52+00:00\" \/>\n<meta property=\"og:image\" content=\"https:\/\/www.hessmay.cl\/wp-content\/uploads\/2023\/12\/reloj_control_guardias_os-1.jpg\" \/>\n\t<meta property=\"og:image:width\" content=\"900\" \/>\n\t<meta property=\"og:image:height\" content=\"900\" \/>\n\t<meta property=\"og:image:type\" content=\"image\/jpeg\" \/>\n<meta name=\"twitter:card\" content=\"summary_large_image\" \/>\n<meta name=\"twitter:label1\" content=\"Tiempo estimado de lectura\" \/>\n\t<meta name=\"twitter:data1\" content=\"1 minuto\" \/>\n<script type=\"application\/ld+json\" class=\"yoast-schema-graph\">{\"@context\":\"https:\/\/schema.org\",\"@graph\":[{\"@type\":\"WebPage\",\"@id\":\"https:\/\/www.hessmay.cl\/index.php\/producto\/reloj-control-guardias-os-1\/\",\"url\":\"https:\/\/www.hessmay.cl\/index.php\/producto\/reloj-control-guardias-os-1\/\",\"name\":\"RELOJ CONTROL GUARDIAS OS-1\",\"isPartOf\":{\"@id\":\"https:\/\/www.hessmay.cl\/#website\"},\"primaryImageOfPage\":{\"@id\":\"https:\/\/www.hessmay.cl\/index.php\/producto\/reloj-control-guardias-os-1\/#primaryimage\"},\"image\":{\"@id\":\"https:\/\/www.hessmay.cl\/index.php\/producto\/reloj-control-guardias-os-1\/#primaryimage\"},\"thumbnailUrl\":\"https:\/\/www.hessmay.cl\/wp-content\/uploads\/2023\/12\/reloj_control_guardias_os-1.jpg\",\"datePublished\":\"2023-12-30T21:28:13+00:00\",\"dateModified\":\"2025-11-21T17:53:52+00:00\",\"breadcrumb\":{\"@id\":\"https:\/\/www.hessmay.cl\/index.php\/producto\/reloj-control-guardias-os-1\/#breadcrumb\"},\"inLanguage\":\"es-CL\",\"potentialAction\":[{\"@type\":\"ReadAction\",\"target\":[\"https:\/\/www.hessmay.cl\/index.php\/producto\/reloj-control-guardias-os-1\/\"]}]},{\"@type\":\"ImageObject\",\"inLanguage\":\"es-CL\",\"@id\":\"https:\/\/www.hessmay.cl\/index.php\/producto\/reloj-control-guardias-os-1\/#primaryimage\",\"url\":\"https:\/\/www.hessmay.cl\/wp-content\/uploads\/2023\/12\/reloj_control_guardias_os-1.jpg\",\"contentUrl\":\"https:\/\/www.hessmay.cl\/wp-content\/uploads\/2023\/12\/reloj_control_guardias_os-1.jpg\",\"width\":900,\"height\":900},{\"@type\":\"BreadcrumbList\",\"@id\":\"https:\/\/www.hessmay.cl\/index.php\/producto\/reloj-control-guardias-os-1\/#breadcrumb\",\"itemListElement\":[{\"@type\":\"ListItem\",\"position\":1,\"name\":\"Home\",\"item\":\"https:\/\/www.hessmay.cl\/\"},{\"@type\":\"ListItem\",\"position\":2,\"name\":\"Shop\",\"item\":\"https:\/\/www.hessmay.cl\/index.php\/shop\/\"},{\"@type\":\"ListItem\",\"position\":3,\"name\":\"RELOJ CONTROL GUARDIAS OS-1\"}]},{\"@type\":\"WebSite\",\"@id\":\"https:\/\/www.hessmay.cl\/#website\",\"url\":\"https:\/\/www.hessmay.cl\/\",\"name\":\"Hessmay, Reloj Control de asistencia, Reloj control de Guardias, Control por Geolocalizaci\u00f3n, Control de Guardias,\",\"description\":\"Sistemas de control de personal\",\"publisher\":{\"@id\":\"https:\/\/www.hessmay.cl\/#organization\"},\"potentialAction\":[{\"@type\":\"SearchAction\",\"target\":{\"@type\":\"EntryPoint\",\"urlTemplate\":\"https:\/\/www.hessmay.cl\/?s={search_term_string}\"},\"query-input\":{\"@type\":\"PropertyValueSpecification\",\"valueRequired\":true,\"valueName\":\"search_term_string\"}}],\"inLanguage\":\"es-CL\"},{\"@type\":\"Organization\",\"@id\":\"https:\/\/www.hessmay.cl\/#organization\",\"name\":\"Hessmay, Reloj Control de asistencia, Reloj control de Guardias, Control por Geolocalizaci\u00f3n, Control de Guardias,\",\"url\":\"https:\/\/www.hessmay.cl\/\",\"logo\":{\"@type\":\"ImageObject\",\"inLanguage\":\"es-CL\",\"@id\":\"https:\/\/www.hessmay.cl\/#\/schema\/logo\/image\/\",\"url\":\"https:\/\/www.hessmay.cl\/wp-content\/uploads\/2024\/01\/logoHM01.png\",\"contentUrl\":\"https:\/\/www.hessmay.cl\/wp-content\/uploads\/2024\/01\/logoHM01.png\",\"width\":403,\"height\":190,\"caption\":\"Hessmay, Reloj Control de asistencia, Reloj control de Guardias, Control por Geolocalizaci\u00f3n, Control de Guardias,\"},\"image\":{\"@id\":\"https:\/\/www.hessmay.cl\/#\/schema\/logo\/image\/\"},\"sameAs\":[\"https:\/\/www.instagram.com\/hessmay_\/\"]}]}<\/script>\n<!-- \/ Yoast SEO plugin. -->","yoast_head_json":{"title":"RELOJ CONTROL GUARDIAS OS-1","robots":{"index":"index","follow":"follow","max-snippet":"max-snippet:-1","max-image-preview":"max-image-preview:large","max-video-preview":"max-video-preview:-1"},"canonical":"https:\/\/www.hessmay.cl\/index.php\/producto\/reloj-control-guardias-os-1\/","og_locale":"es_ES","og_type":"article","og_title":"RELOJ CONTROL GUARDIAS OS-1","og_description":"Reloj Control de\u00a0Guardias,\u00a0OS-1, Electr\u00f3nico, Liviano, Peque\u00f1o, resistente al mal trato, Software para windows Comunicaci\u00f3n v\u00eda USB Bater\u00eda Litio 3.7 volts\u00a0recargable \/ Tiempo de carga 3 hrs Autonom\u00eda de trabajo 5 d\u00edas Memoria 60.000 registros Indicador de marcaci\u00f3n correcta por vibraci\u00f3n y Led Vida \u00fatil de cada estaci\u00f3n 1.000.000 de lecturas Conexi\u00f3n ilimitada de estaciones touch memory Componentes de procedencia japonesa Dimensiones 14 \/ 4,5 \/ 3\u00a0 cms, Peso 196 gramos, Carcasa Met\u00e1lica Recomendado para empresas que requieren equipos\u00a0resistentes al mal trato e informar la gesti\u00f3n de seguridad a sus clientes Ideal para\u00a0controlar guardias, veh\u00edculos, procesos productivos, mantenci\u00f3n de equipos, etc.  Software de Gesti\u00f3n\u00a0 Reporta hora y minuto en que el Guardia pasa por cada Estaci\u00f3n de Control, identifica su ronda, nombre, estaci\u00f3n, fecha y hora de cada registro.  Kit Incluye :  6 Puntos de Control \/ 1 Identificador de Guardia \/ Software de gesti\u00f3n en espa\u00f1ol \/ Cable USB \/ Instrucciones de uso Online 2 A\u00f1os de Garant\u00eda\u00a0\/ Servicio T\u00e9cnico exclusivo \/ Entrega Inmediata  &nbsp;","og_url":"https:\/\/www.hessmay.cl\/index.php\/producto\/reloj-control-guardias-os-1\/","og_site_name":"Hessmay, Reloj Control de asistencia, Reloj control de Guardias, Control por Geolocalizaci\u00f3n, Control de Guardias,","article_publisher":"https:\/\/www.instagram.com\/hessmay_\/","article_modified_time":"2025-11-21T17:53:52+00:00","og_image":[{"width":900,"height":900,"url":"https:\/\/www.hessmay.cl\/wp-content\/uploads\/2023\/12\/reloj_control_guardias_os-1.jpg","type":"image\/jpeg"}],"twitter_card":"summary_large_image","twitter_misc":{"Tiempo estimado de lectura":"1 minuto"},"schema":{"@context":"https:\/\/schema.org","@graph":[{"@type":"WebPage","@id":"https:\/\/www.hessmay.cl\/index.php\/producto\/reloj-control-guardias-os-1\/","url":"https:\/\/www.hessmay.cl\/index.php\/producto\/reloj-control-guardias-os-1\/","name":"RELOJ CONTROL GUARDIAS OS-1","isPartOf":{"@id":"https:\/\/www.hessmay.cl\/#website"},"primaryImageOfPage":{"@id":"https:\/\/www.hessmay.cl\/index.php\/producto\/reloj-control-guardias-os-1\/#primaryimage"},"image":{"@id":"https:\/\/www.hessmay.cl\/index.php\/producto\/reloj-control-guardias-os-1\/#primaryimage"},"thumbnailUrl":"https:\/\/www.hessmay.cl\/wp-content\/uploads\/2023\/12\/reloj_control_guardias_os-1.jpg","datePublished":"2023-12-30T21:28:13+00:00","dateModified":"2025-11-21T17:53:52+00:00","breadcrumb":{"@id":"https:\/\/www.hessmay.cl\/index.php\/producto\/reloj-control-guardias-os-1\/#breadcrumb"},"inLanguage":"es-CL","potentialAction":[{"@type":"ReadAction","target":["https:\/\/www.hessmay.cl\/index.php\/producto\/reloj-control-guardias-os-1\/"]}]},{"@type":"ImageObject","inLanguage":"es-CL","@id":"https:\/\/www.hessmay.cl\/index.php\/producto\/reloj-control-guardias-os-1\/#primaryimage","url":"https:\/\/www.hessmay.cl\/wp-content\/uploads\/2023\/12\/reloj_control_guardias_os-1.jpg","contentUrl":"https:\/\/www.hessmay.cl\/wp-content\/uploads\/2023\/12\/reloj_control_guardias_os-1.jpg","width":900,"height":900},{"@type":"BreadcrumbList","@id":"https:\/\/www.hessmay.cl\/index.php\/producto\/reloj-control-guardias-os-1\/#breadcrumb","itemListElement":[{"@type":"ListItem","position":1,"name":"Home","item":"https:\/\/www.hessmay.cl\/"},{"@type":"ListItem","position":2,"name":"Shop","item":"https:\/\/www.hessmay.cl\/index.php\/shop\/"},{"@type":"ListItem","position":3,"name":"RELOJ CONTROL GUARDIAS OS-1"}]},{"@type":"WebSite","@id":"https:\/\/www.hessmay.cl\/#website","url":"https:\/\/www.hessmay.cl\/","name":"Hessmay, Reloj Control de asistencia, Reloj control de Guardias, Control por Geolocalizaci\u00f3n, Control de Guardias,","description":"Sistemas de control de personal","publisher":{"@id":"https:\/\/www.hessmay.cl\/#organization"},"potentialAction":[{"@type":"SearchAction","target":{"@type":"EntryPoint","urlTemplate":"https:\/\/www.hessmay.cl\/?s={search_term_string}"},"query-input":{"@type":"PropertyValueSpecification","valueRequired":true,"valueName":"search_term_string"}}],"inLanguage":"es-CL"},{"@type":"Organization","@id":"https:\/\/www.hessmay.cl\/#organization","name":"Hessmay, Reloj Control de asistencia, Reloj control de Guardias, Control por Geolocalizaci\u00f3n, Control de Guardias,","url":"https:\/\/www.hessmay.cl\/","logo":{"@type":"ImageObject","inLanguage":"es-CL","@id":"https:\/\/www.hessmay.cl\/#\/schema\/logo\/image\/","url":"https:\/\/www.hessmay.cl\/wp-content\/uploads\/2024\/01\/logoHM01.png","contentUrl":"https:\/\/www.hessmay.cl\/wp-content\/uploads\/2024\/01\/logoHM01.png","width":403,"height":190,"caption":"Hessmay, Reloj Control de asistencia, Reloj control de Guardias, Control por Geolocalizaci\u00f3n, Control de Guardias,"},"image":{"@id":"https:\/\/www.hessmay.cl\/#\/schema\/logo\/image\/"},"sameAs":["https:\/\/www.instagram.com\/hessmay_\/"]}]}},"_links":{"self":[{"href":"https:\/\/www.hessmay.cl\/index.php\/wp-json\/wp\/v2\/product\/4801","targetHints":{"allow":["GET"]}}],"collection":[{"href":"https:\/\/www.hessmay.cl\/index.php\/wp-json\/wp\/v2\/product"}],"about":[{"href":"https:\/\/www.hessmay.cl\/index.php\/wp-json\/wp\/v2\/types\/product"}],"replies":[{"embeddable":true,"href":"https:\/\/www.hessmay.cl\/index.php\/wp-json\/wp\/v2\/comments?post=4801"}],"wp:featuredmedia":[{"embeddable":true,"href":"https:\/\/www.hessmay.cl\/index.php\/wp-json\/wp\/v2\/media\/4802"}],"wp:attachment":[{"href":"https:\/\/www.hessmay.cl\/index.php\/wp-json\/wp\/v2\/media?parent=4801"}],"wp:term":[{"taxonomy":"product_brand","embeddable":true,"href":"https:\/\/www.hessmay.cl\/index.php\/wp-json\/wp\/v2\/product_brand?post=4801"},{"taxonomy":"product_cat","embeddable":true,"href":"https:\/\/www.hessmay.cl\/index.php\/wp-json\/wp\/v2\/product_cat?post=4801"},{"taxonomy":"product_tag","embeddable":true,"href":"https:\/\/www.hessmay.cl\/index.php\/wp-json\/wp\/v2\/product_tag?post=4801"}],"curies":[{"name":"wp","href":"https:\/\/api.w.org\/{rel}","templated":true}]}}